 of 7087?
7
What is the hundreds digit of 39265?
2
What is the thousands digit of 2141?
2
What is the thousands digit of 16100?
6
What is the hundreds digit of 792?
7
What is the tens digit of 7186?
8
What is the thousands digit of 5339?
5
What is the tens digit of 3144?
4
What is the hundreds digit of 656?
6
What is the tens digit of 630?
3
What is the units digit of 24650?
0
What is the tens digit of 5634?
3
What is the hundreds digit of 1627?
6
What is the units digit of 4255?
5
What is the units digit of 2528?
8
What is the hundreds digit of 105251?
2
What is the units digit of 339?
9
What is the ten thousands digit of 23081?
2
What is the ten thousands digit of 35028?
3
What is the tens digit of 2168?
6
What is the hundreds digit of 10032?
0
What is the units digit of 23824?
4
What is the thousands digit of 23765?
3
What is the thousands digit of 73404?
3
What is the thousands digit of 1413?
1
What is the tens digit of 641?
4
What is the units digit of 9157?
7
What is the hundreds digit of 43911?
9
What is the thousands digit of 134397?
4
What is the thousands digit of 22112?
2
What is the units digit of 2690?
0
What is the ten thousands digit of 10529?
1
What is the hundreds digit of 48574?
5
What is the hundreds digit of 4322?
3
What is the units digit of 9646?
6
What is the tens digit of 3928?
2
What is the hundreds digit of 731?
7
What is the thousands digit of 5674?
5
What is the tens digit of 3383?
8
What is the hundreds digit of 599?
5
What is the tens digit of 631?
3
What is the hundreds digit of 66726?
7
What is the hundreds digit of 722?
7
What is the thousands digit of 3441?
3
What is the hundreds digit of 43475?
4
What is the hundreds digit of 5886?
8
What is the hundreds digit of 66235?
2
What is the hundreds digit of 1262?
2
What is the hundreds digit of 24964?
9
What is the ten thousands digit of 51888?
5
What is the tens digit of 2964?
6
What is the thousands digit of 8738?
8
What is the thousands digit of 2291?
2
What is the ten thousands digit of 25929?
2
What is the tens digit of 78736?
3
What is the units digit of 62695?
5
What is the thousands digit of 1029?
1
What is the thousands digit of 97742?
7
What is the units digit of 6230?
0
What is the units digit of 517?
7
What is the hundreds digit of 3733?
7
What is the ten thousands digit of 33674?
3
What is the units digit of 2587?
7
What is the tens digit of 764?
6
What is the hundreds digit of 1391?
3
What is the hundreds digit of 563?
5
What is the units digit of 42143?
3
What is the thousands digit of 8400?
8
What is the units digit of 4482?
2
What is the ten thousands digit of 12134?
1
What is the hundreds digit of 4611?
6
What is the thousands digit of 13466?
3
What is the units digit of 68510?
0
What is the hundreds digit of 1188?
1
What is the hundreds digit of 331?
3
What is the hundred thousands digit of 148903?
1
What is the units digit of 392?
2
What is the hundreds digit of 2864?
8
What is the hundreds digit of 4021?
0
What is the units digit of 36700?
0
What is the tens digit of 20358?
5
What is the hundreds digit of 2906?
9
What is the hundreds digit of 3822?
8
What is the units digit of 14094?
4
What is the units digit of 45351?
1
What is the thousands digit of 133360?
3
What is the thousands digit of 24994?
4
What is the hundreds digit of 3270?
2
What is the thousands digit of 12259?
2
What is the units digit of 4542?
2
What is the tens digit of 2635?
3
What is the ten thousands digit of 14558?
1
What is the thousands digit of 1997?
1
What is the hundreds digit of 50675?
6
What is the tens digit of 15817?
1
What is the hundreds digit of 512?
5
What is the thousands digit of 86246?
6
What is the thousands digit of 32886?
2
What is the units digit of 40?
0
What is the ten thousands digit of 48140?
4
What is the thousands digit of 4584?
4
What is the tens digit of 1853?
5
What is the hundreds digit of 19842?
8
What is the hundreds digit of 16816?
8
What is the hundreds digit of 4717?
7
What is the tens digit of 28310?
1
What is the tens digit of 78?
7
What is the hundreds digit of 3148?
1
What is the units digit of 7050?
0
What is the units digit of 1937?
7
What is the thousands digit of 1479?
1
What is the ten thousands digit of 66030?
6
What is the hundreds digit of 1737?
7
What is the tens digit of 1834?
3
What is the ten thousands digit of 24745?
2
What is the tens digit of 367?
6
What is the thousands digit of 26719?
6
What is the hundreds digit of 97895?
8
What is the units digit of 82997?
7
What is the ten thousands digit of 112764?
1
What is the units digit of 8530?
0
What is the hundreds digit of 13958?
9
What is the hundreds digit of 6709?
7
What is the tens digit of 2708?
0
What is the hundreds digit of 131?
1
What is the thousands digit of 11949?
1
What is the tens digit of 678?
7
What is the tens digit of 71104?
0
What is the tens digit of 190?
9
What is the units digit of 24155?
5
What is the units digit of 12941?
1
What is the tens digit of 976?
7
What is the hundreds digit of 3830?
8
What is the units digit of 2746?
6
What is the tens digit of 36238?
3
What is the tens digit of 38?
3
What is the hundreds digit of 68325?
3
What is the ten thousands digit of 18697?
1
What is the hundreds digit of 707?
7
What is the hundreds digit of 104?
1
What is the tens digit of 9345?
4
What is the hundreds digit of 121460?
4
What is the units digit of 1395?
5
What is the thousands digit of 1030?
1
What is the tens digit of 30861?
6
What is the thousands digit of 24342?
4
What is the tens digit of 518?
1
What is the units digit of 30001?
1
What is the hundreds digit of 91202?
2
What is the hundreds digit of 810?
8
What is the thousands digit of 2753?
2
What is the thousands digit of 7841?
7
What is the tens digit of 16165?
6
What is the thousands digit of 94704?
4
What is the tens digit of 1650?
5
What is the ten thousands digit of 159359?
5
What is the hundreds digit of 86493?
4
What is the tens digit of 62591?
9
What is the tens digit of 52?
5
What is the units digit of 1226?
6
What is the hundreds digit of 1543?
5
What is the thousands digit of 4952?
4
What is the thousands digit of 34495?
4
What is the units digit of 3759?
9
What is the thousands digit of 81493?
1
What is the ten thousands digit of 90653?
9
What is the tens digit of 8275?
7
What is the tens digit of 1847?
4
What is the tens digit of 2691?
9
What is the hundreds digit of 28287?
2
What is the tens digit of 3840?
4
What is the thousands digit of 3939?
3
What is the thousands digit of 43864?
3
What is the hundred thousands digit of 168245?
1
What is the thousands digit of 29717?
9
What is the thousands digit of 128474?
8
What is the hundreds digit of 871?
8
What is the units digit of 1095?
5
What is the tens digit of 39816?
1
What is the hundreds digit of 8617?
6
What is the thousands digit of 4559?
4
What is the hundreds digit of 12675?
6
What is the ten thousands digit of 82564?
8
What is the hundreds digit of 198?
1
What is the units digit of 63?
3
What is the ten thousands digit of 40596?
4
What is the tens digit of 4931?
3
What is the tens digit of 714?
1
What is the tens digit of 178?
7
What is the hundreds digit of 3525?
5
What is the hundreds digit of 8403?
4
What is the units digit of 5016?
6
What is the ten thousands digit of 22504?
2
What is the units digit of 846?
6
What is the tens digit of 5290?
9
What is the units digit of 28501?
1
What is the hundreds digit of 916?
9
What is the units digit of 123158?
8
What is the hundreds digit of 38655?
6
What is the hundreds digit of 1245?
2
What is the tens digit of 23916?
1
What is the ten thousands digit of 67796?
6
What is the hundreds digit of 41205?
2
What is the hundreds digit of 2538?
5
What is the units digit of 1085?
5
What is the units digit of 35719?
9
What is the hundreds digit of 725?
7
What is the tens digit of 7861?
6
What is the hundreds digit of 25920?
9
What is the hundreds digit of 11072?
0
What is the units digit of 5?
5
What is the thousands digit of 1347?
1
What is the units digit of 1050?
0
What is the hundreds digit of 58260?
2
What is the hundreds digit of 85236?
2
What is the thousands digit of 8835?
8
What is the hundreds digit of 1409?
4
What is the units digit of 119754?
4
What is the units digit of 25